r?
False
Suppose -32*t + 37*t = 325. Let l = t - 42. Is l a prime number?
True
Let d be (4/(-7))/((-6)/21). Let t = d + 64. Let m = t + 23. Is m a prime number?
True
Suppose -5*m + 0*w = 5*w - 70, 3*m + 5*w - 46 = 0. Suppose 2*y = -m + 2. Let r(k) = -138*k - 7. Is r(y) prime?
True
Let h = 2 - 1. Let p be h/(-5) - (-12)/10. Is ((-59)/(-2))/(p/2) a prime number?
True
Suppose 0 = -3*g - 5*y + 2018, -2*y - 140 = -4*g + 2594. Is g composite?
True
Let c be (-1 - -2)*2/1. Suppose 0 = g, 3*z = -0*g + c*g + 54. Suppose -65 + z = -n. Is n a prime number?
True
Suppose -4*w - 2*n = -16040, -w + 6*w + 3*n - 20051 = 0. Is w composite?
True
Suppose -3*y - 2*y - 45 = 0. Suppose -5*m + 210 = 5*x, 0*x + 2*x + 126 = 3*m. Let h = y + m. Is h composite?
True
Suppose 4379 = 5*j - 3206. Is j prime?
False
Suppose 5*c - 5*b = -5 - 0, 0 = -4*c + 3*b - 1. Suppose 4*i - 34 - c = 0. Let g(j) = 2*j**2 - 10*j + 5. Is g(i) a composite number?
True
Let b be 98 + 5 + 6/(-3). Suppose -17 = 12*v - b. Is v a composite number?
False
Suppose 409*s - 399*s = 9190. Is s prime?
True
Suppose 5*v - 2*v + 2*k = 2973, -5*v + 3*k = -4955. Is v composite?
False
Suppose 51*t - 79663 = 10*t. Is t composite?
True
Is (3 + 0)*(-6297)/(-9) composite?
False
Let r = -2404 + -320. Is (-2 + 1)/((-2)/r*-2) composite?
True
Let l(d) be the first derivative of -d**4/4 - d**3/3 - 5*d**2/2 + 2*d + 14. Is l(-5) a prime number?
True
Let x be (-9)/(-21) - (-1824)/7. Suppose 2*q - x = -q. Is q prime?
False
Let a be (-6)/10 - (-1080)/50. Let m be 8/(-28) + 2820/a. Suppose -5*s = -b - 273, 4*s = -b + m + 88. Is s a prime number?
False
Suppose -f - 5*m = -6*m - 780, 0 = 3*m + 3. Let z(q) = -q**2 - 5*q - 1. Let y be z(-4). Suppose -f + 274 = -i - 4*x, y*x - 1994 = -4*i. Is i composite?
True
Suppose 0 = 5*p - 4*k - 22, k + 20 = 4*p - 3*k. Suppose -2*x + u + 1507 = 512, 0 = p*x - 4*u - 986. Is x a composite number?
False
Suppose -x = 2*y - 98640, 4*y - 246578 = -y + 3*x. Is y prime?
False
Let s(w) = -w + 8. Let r(g) = 9*g**2 - 1. Let z be r(-2). Let a(q) = -q - 1. Let n(h) = z*a(h) + 5*s(h). Is n(-2) prime?
False
Suppose -4*w - 3*l + 81543 = 0, 2*w + l - 51673 = -10904. Suppose b - w = -3*z - z, -2*z + 10182 = -4*b. Is z prime?
False
Suppose 3*p = 8*p. Suppose p = -10*q + 9*q + 635. Is q prime?
False
Let v(c) = -c**3 + 25*c**2 + 22*c - 45. Is v(16) a prime number?
False
Let o(z) be the second derivative of -2*z**5 - z**4/6 - z**3/6 - z - 26. Let y = 0 - 1. Is o(y) a composite number?
True
Let d be 8/6*9/3. Let b be ((-20)/(-8))/5*16. Is ((-804)/b - d)*-2 a composite number?
True
Let i = 726 - 1446. Let q = 218 + i. Is (18 + -20)*q/4 a prime number?
True
Let v(p) = p - 15. Let z be v(19). Suppose -4*s + 694 = 2*y - 1140, 3664 = 4*y + z*s. Suppose 0 = b - y + 100. Is b prime?
False
Let v = -3046 + 7027. Is v a prime number?
False
Suppose 122117 = 3*p - 73828. Is p a composite number?
True
Let d(t) = -18*t + 1. Let k be d(-5). Suppose -5*v + k = -o, 4*v = 4*o + 20 + 40. Is v composite?
False
Suppose -5*z = -d + 7 + 7, -3*d - z = 6. Is 21/49 + 12317/7 + d composite?
False
Suppose 10 = 31*x - 29*x. Suppose -q = -2*q + u + 479, -x*u = -3*q + 1437. Is q a prime number?
True
Suppose r - 5*j = 27744, 0 = 4*r - r - 5*j - 83182. Is r prime?
False
Suppose -2*u + 4 = -3*i, -2*u + i = -i - 2. Is 3 - (4 + u) - -557 prime?
True
Let v = -727 + 1231. Let d = v - -158. Is d a prime number?
False
Suppose -8 = -3*l - l. Suppose l*x + 338 = 4*m, 5*x = -2*m + 68 + 119. Suppose -s = 4*r - 299, -5*r + 208 = s - m. Is s prime?
False
Suppose 3*p - 2417 + 938 = 0. Is p prime?
False
Suppose 5*c - 30 = 5*d, d - 2*d = 2*c - 15. Suppose 0 = a + c + 3. Let l = a - -41. Is l a prime number?
True
Let i(g) = -g**3 + 9*g**2 - 9*g + 12. Let x be i(8). Suppose -r - x*r = -2505. Is r composite?
True
Let s = 7 + -2. Suppose 0 = -t + n + 7, -s*t = -3*n - n - 34. Suppose c = t*c - 2215. Is c composite?
False
Let o be -1*(-1)/3*99. Suppose 7 = 5*s - o. Suppose -3*v - 2*m = -569, -3*v - 3*m + s*m + 583 = 0. Is v prime?
True
Suppose 3*i + 165 = -252. Let h(m) = -m**3 - 10*m**2 + 7*m + 2. Let c be h(-10). Let v = c - i. Is v composite?
False
Let m = 288 - -463. Is m prime?
True
Let n = -2715 - -1847. Let w = n + 1384. Suppose 5*c - w - 299 = 0. Is c prime?
True
Suppose 22 = 2*f - 2. Let a be f/(-42) - 489/(-21). Let z = -9 + a. Is z a prime number?
False
Let l(u) = 151*u**2 + 14*u + 98. Is l(-9) composite?
False
Suppose -3916 = -3*u - u. Is u composite?
True
Suppose 4*l + p = 109439, -5*p + 75045 = 3*l - 7013. Is l a prime number?
True
Let p = -22 - -25. Suppose 2*i - 7966 - 3812 = -5*t, -p*i = -2*t + 4696. Suppose 5889 = 5*x + t. Is x a prime number?
False
Let o(l) = 1574*l - 24. Let n be o(3). Let f = -2987 + n. Is f prime?
False
Suppose -3*f - 1 = -4*y + 3, -3*y = -f - 8. Suppose 2*x - 5 = -4*a + 9, 0 = y*x - a - 10. Suppose x*z - 140 = -2*l - 2*z, 0 = 4*z - 8. Is l composite?
True
Suppose -p - 3*x + 34034 = 0, 3*p = -2*x + 48238 + 53857. Is p a composite number?
False
Let g = 2385 - -73. Is g prime?
False
Let n(g) = -8*g - 27. Let f be n(-6). Suppose 2*u - 36 = c - 5*c, -u + f = 5*c. Suppose u*w - 12*w = 764. Is w a prime number?
True
Suppose 2*j - 1274 = -4*h, -5*j + 5*h + 2574 = -j. Is j composite?
False
Let z(m) = -m**2 + 3*m - 5. Let f(q) = -q + 1. Let j(v) = 4*f(v) + z(v). Let o be j(4). Let y = 166 + o. Is y prime?
False
Suppose 0 = -r - 4*y + 7, 5*r + y - 1 = -2*y. Let s be r*(-1 - (144 + 4)). Is s/(3/6*2) composite?
False
Let n be (-53)/(-3)*(-11)/((-66)/756). Suppose 0 = -7*q + q + n. Is q prime?
False
Let x(b) = 3*b - 32. Let y be x(14). Suppose 20302 = y*f - 8308. Is f composite?
False
Suppose 0 = z - 8 + 2. Suppose -z*j + 274 = -308. Let w = j + 154. Is w composite?
False
Let v(z) = z**3 - 3*z**2. Let p be v(3). Let t(y) = -y**2 + 11*y + 7. Let m be t(6). Suppose r - m = -p*r. Is r a composite number?
False
Let s = 8 - 6. Suppose -s*m + 47 + 558 = 5*x, 4*x = -m + 301. Is m a prime number?
False
Let a = -44 + 48. Suppose -a*k + 2*z - 7*z = -2031, -2*z = 2*k - 1018. Is k prime?
False
Let n be (-1 - (-4)/8)*2 + -2. Is n + 0 + 577 + -3 a composite number?
False
Let q = 163 + 1275. Suppose 8*i - 4*i - 2*a - q = 0, 2*a + 2 = 0. Is i composite?
False
Suppose 5*g - 315 = 5*n, -4*g - 64 - 172 = 4*n. Let y = -39 - n. Is y a composite number?
True
Suppose -3*g - 5*b + 1 = 0, 0 = 2*g - g - 2*b - 4. Suppose 0 = -g*w + 363 + 1567. Is w a composite number?
True
Let x = -807 - -1324. Suppose 7*v - 11824 = x. Is v a prime number?
False
Let f be 9384/36*(-2 + 5). Let u = 1339 - f. Is u prime?
True
Suppose 0 = -4*m + 6*m - 5*o + 26, -m + 2*o - 11 = 0. Let g = 27 + -18. Is 376/2 + g/m composite?
True
Suppose 16*s = 8*s + 744. Suppose 0 = y + j + 8 - 5, 3*y = 4*j + 26. Suppose i - 3*q = 18 + 12, -y*i - 5*q = -s. Is i composite?
True
Let b = -147 + 186. Is 2/(-6)*b/26*-8218 a prime number?
False
Let l(t) = -78*t + 3. Let h be (-6 - -9)*6/(-9). Is l(h) a composite number?
True
Is (9/(-6))/(((-147)/565922)/7) prime?
True
Suppose -5*n + 13 = -5*z + 33, 2*n = -z + 16. Let q be z/16 + (-1482)/(-4). Suppose -3*t + q = -370. Is t prime?
False
Let y(b) = b**2 + 1. Let a be y(-2). Suppose 23*s + 20 = 28*s. Suppose 5*l + 4*c = 87, -l - 67 = -s*l + a*c. Is l composite?
False
Let r(w) = -2*w**2 + 5*w + 9. Let q(h) = h**2 - 6*h - 8. Let n(v) = 3*q(v) + 2*r(v). Let x be n(-9). Let d = x + 50. Is d composite?
True
Let d(m) = -251*m. Let x be d(-5). Suppose -7*w + 28 = -0*w. Suppose -f = w*f - x. Is f a composite number?
False
Is ((-50)/20 - -3)*(1 + 193) prime?
True
Let z(k) be the third derivative of -13*k**2 + 7/6*k**3 + 7/24*k**4 + 0 + 1/60*k**5 + 0*k. Is z(8) composite?
False
Suppose 16 + 4 = -4*a, -4*a - 399 = -m. Is m composite?
False
Let n(p) = 101*p. Let x be n(6). Suppose -l + 5*r = -x, 3*l - 2*r - 1744 - 22 = 0. Is l a composite number?
True
Let k = 7 - 2. Let c be (-2 - -1)*2 + k. Suppose c*j + 0*j = 1251. Is j composite?
True
Let g = -103761 + 162298. Is g prime?
True
Let z = 74 - 396. Let d = 529 - z. Is d a prime number?
False
Let y(v) = 9 - 97*v + 2 + 23*v + 0. Is y(-4) a prime number?
True
Suppose -3*y + 17 - 65 = 0. Let q = -16 - y. Suppose -4*c + 140 + 304 = q. Is c a composite number?
True
Let j be 18/2 + (-4)/2 - 2. Suppose 100 = -j*d + 1025. Is d composite?